{"id":32,"date":"2022-11-28T15:19:09","date_gmt":"2022-11-28T14:19:09","guid":{"rendered":"https:\/\/temp.millservices.fr\/?page_id=32"},"modified":"2023-02-20T16:13:02","modified_gmt":"2023-02-20T15:13:02","slug":"hotesse-daccueil","status":"publish","type":"page","link":"https:\/\/millservices.fr\/?page_id=32","title":{"rendered":"H\u00f4tesse d&rsquo;accueil"},"content":{"rendered":"\n<p><\/p>\n\n\n\n<div class=\"wp-block-uagb-container uagb-block-f7ab01a7 alignwide uagb-is-root-container\">\n<div class=\"wp-block-uagb-advanced-heading uagb-block-67a68ca9\"><p class=\"uagb-heading-text\"><strong><em>Mill&rsquo;Services<\/em><\/strong>\u00a0met \u00e0 votre service des h\u00f4tesses d&rsquo;accueil pour vos conf\u00e9rences, r\u00e9unions, cocktails.<br><strong><em>Mill&rsquo;Services,<\/em><\/strong> du personnel comp\u00e9tent et dynamique.<\/p><\/div>\n<\/div>\n","protected":false},"excerpt":{"rendered":"<p>Mill&rsquo;Services\u00a0met \u00e0 votre service des h\u00f4tesses d&rsquo;accueil pour vos conf\u00e9rences, r\u00e9unions, cocktails.Mill&rsquo;Services, du personnel comp\u00e9tent et dynamique.<\/p>\n","protected":false},"author":1,"featured_media":0,"parent":0,"menu_order":0,"comment_status":"closed","ping_status":"closed","template":"","meta":{"_uag_custom_page_level_css":"","site-sidebar-layout":"default","site-content-layout":"default","ast-global-header-display":"","ast-main-header-display":"","ast-hfb-above-header-display":"","ast-hfb-below-header-display":"","ast-hfb-mobile-header-display":"","site-post-title":"","ast-breadcrumbs-content":"","ast-featured-img":"","footer-sml-layout":"","theme-transparent-header-meta":"","adv-header-id-meta":"","stick-header-meta":"","header-above-stick-meta":"","header-main-stick-meta":"","header-below-stick-meta":"","footnotes":""},"class_list":["post-32","page","type-page","status-publish","hentry"],"uagb_featured_image_src":{"full":false,"thumbnail":false,"medium":false,"medium_large":false,"large":false,"1536x1536":false,"2048x2048":false,"awb_sm":false,"awb_md":false,"awb_lg":false,"awb_xl":false},"uagb_author_info":{"display_name":"adminms","author_link":"https:\/\/millservices.fr\/?author=1"},"uagb_comment_info":0,"uagb_excerpt":"Mill&rsquo;Services\u00a0met \u00e0 votre service des h\u00f4tesses d&rsquo;accueil pour vos conf\u00e9rences, r\u00e9unions, cocktails.Mill&rsquo;Services, du personnel comp\u00e9tent et dynamique.","_links":{"self":[{"href":"https:\/\/millservices.fr\/index.php?rest_route=\/wp\/v2\/pages\/32","targetHints":{"allow":["GET"]}}],"collection":[{"href":"https:\/\/millservices.fr\/index.php?rest_route=\/wp\/v2\/pages"}],"about":[{"href":"https:\/\/millservices.fr\/index.php?rest_route=\/wp\/v2\/types\/page"}],"author":[{"embeddable":true,"href":"https:\/\/millservices.fr\/index.php?rest_route=\/wp\/v2\/users\/1"}],"replies":[{"embeddable":true,"href":"https:\/\/millservices.fr\/index.php?rest_route=%2Fwp%2Fv2%2Fcomments&post=32"}],"version-history":[{"count":3,"href":"https:\/\/millservices.fr\/index.php?rest_route=\/wp\/v2\/pages\/32\/revisions"}],"predecessor-version":[{"id":429,"href":"https:\/\/millservices.fr\/index.php?rest_route=\/wp\/v2\/pages\/32\/revisions\/429"}],"wp:attachment":[{"href":"https:\/\/millservices.fr\/index.php?rest_route=%2Fwp%2Fv2%2Fmedia&parent=32"}],"curies":[{"name":"wp","href":"https:\/\/api.w.org\/{rel}","templated":true}]}}