{"id":67,"date":"2022-11-28T16:02:56","date_gmt":"2022-11-28T15:02:56","guid":{"rendered":"https:\/\/temp.millservices.fr\/?page_id=67"},"modified":"2023-02-06T15:17:28","modified_gmt":"2023-02-06T14:17:28","slug":"entretien","status":"publish","type":"page","link":"https:\/\/millservices.fr\/?page_id=67","title":{"rendered":"Entretien"},"content":{"rendered":"\n<div class=\"wp-block-uagb-advanced-heading uagb-block-0b7a372a\"><h2 class=\"uagb-heading-text\">Nos services d&rsquo;entretien<\/h2><\/div>\n\n\n\n<div class=\"wp-block-columns alignwide is-layout-flex wp-container-core-columns-is-layout-28f84493 wp-block-columns-is-layout-flex\">\n<div class=\"wp-block-column has-text-color has-background has-link-color wp-elements-b65f950624efe4dc01ed7fec15da6660 is-layout-flow wp-block-column-is-layout-flow\" style=\"color:#000000;background-color:#ffe97d;padding-top:2em;padding-right:2em;padding-bottom:2em;padding-left:2em\">\n<h2 class=\"wp-block-heading\" id=\"single\" style=\"font-size:40px\"><strong>Entretien de locaux<\/strong><\/h2>\n\n\n\n<p class=\"has-normal-font-size\" style=\"line-height:1.5\">Mill&rsquo;Services propose les services de :<\/p>\n\n\n\n<ul class=\"wp-block-list\">\n<li>Nettoyage selon les fr\u00e9quences que vous souhaitez par notre personnel sp\u00e9cialis\u00e9<\/li>\n\n\n\n<li>Remise en \u00e9tat avant am\u00e9nagement ou apr\u00e8s votre d\u00e9part<\/li>\n\n\n\n<li>Shampooing moquette sols et murs<\/li>\n\n\n\n<li>Cristallisation<\/li>\n\n\n\n<li>Spray m\u00e9thode<\/li>\n\n\n\n<li>Nettoyage apr\u00e8s sinistre<\/li>\n\n\n\n<li>Evacuation des encombrants<\/li>\n\n\n\n<li>Contrat d&rsquo;entretien des moquettes m\u00e9thode IMAGE<br>(Extension de garantie \u00e0 10 ans sur les moquettes HEUGA)<\/li>\n<\/ul>\n\n\n\n<h2 class=\"wp-block-heading\"><strong>Entretien de vitrerie<\/strong><\/h2>\n\n\n\n<p>Mill&rsquo;Services propose le lavage des vitres et encadrements.<\/p>\n\n\n\n<div class=\"wp-block-buttons alignfull is-horizontal is-content-justification-center is-layout-flex wp-container-core-buttons-is-layout-03627597 wp-block-buttons-is-layout-flex\">\n<div class=\"wp-block-button has-custom-width wp-block-button__width-100 has-custom-font-size is-style-fill has-medium-font-size\"><a class=\"wp-block-button__link has-white-color has-text-color has-background wp-element-button\" href=\"https:\/\/temp.millservices.fr\/?page_id=85\" style=\"background-color:#000000;padding-top:var(--wp--preset--spacing--30);padding-right:var(--wp--preset--spacing--30);padding-bottom:var(--wp--preset--spacing--30);padding-left:var(--wp--preset--spacing--30)\">Demandez un devis de nottage<\/a><\/div>\n<\/div>\n<\/div>\n<\/div>\n","protected":false},"excerpt":{"rendered":"<p>Nos services d&rsquo;entretien Entretien de locaux Mill&rsquo;Services propose les services de : Entretien de vitrerie Mill&rsquo;Services propose le lavage des vitres et encadrements.<\/p>\n","protected":false},"author":1,"featured_media":0,"parent":0,"menu_order":0,"comment_status":"closed","ping_status":"closed","template":"","meta":{"_uag_custom_page_level_css":"","site-sidebar-layout":"default","site-content-layout":"default","ast-global-header-display":"","ast-main-header-display":"","ast-hfb-above-header-display":"","ast-hfb-below-header-display":"","ast-hfb-mobile-header-display":"","site-post-title":"disabled","ast-breadcrumbs-content":"","ast-featured-img":"","footer-sml-layout":"","theme-transparent-header-meta":"","adv-header-id-meta":"","stick-header-meta":"","header-above-stick-meta":"","header-main-stick-meta":"","header-below-stick-meta":"","footnotes":""},"class_list":["post-67","page","type-page","status-publish","hentry"],"uagb_featured_image_src":{"full":false,"thumbnail":false,"medium":false,"medium_large":false,"large":false,"1536x1536":false,"2048x2048":false,"awb_sm":false,"awb_md":false,"awb_lg":false,"awb_xl":false},"uagb_author_info":{"display_name":"adminms","author_link":"https:\/\/millservices.fr\/?author=1"},"uagb_comment_info":0,"uagb_excerpt":"Nos services d&rsquo;entretien Entretien de locaux Mill&rsquo;Services propose les services de : Entretien de vitrerie Mill&rsquo;Services propose le lavage des vitres et encadrements.","_links":{"self":[{"href":"https:\/\/millservices.fr\/index.php?rest_route=\/wp\/v2\/pages\/67","targetHints":{"allow":["GET"]}}],"collection":[{"href":"https:\/\/millservices.fr\/index.php?rest_route=\/wp\/v2\/pages"}],"about":[{"href":"https:\/\/millservices.fr\/index.php?rest_route=\/wp\/v2\/types\/page"}],"author":[{"embeddable":true,"href":"https:\/\/millservices.fr\/index.php?rest_route=\/wp\/v2\/users\/1"}],"replies":[{"embeddable":true,"href":"https:\/\/millservices.fr\/index.php?rest_route=%2Fwp%2Fv2%2Fcomments&post=67"}],"version-history":[{"count":10,"href":"https:\/\/millservices.fr\/index.php?rest_route=\/wp\/v2\/pages\/67\/revisions"}],"predecessor-version":[{"id":386,"href":"https:\/\/millservices.fr\/index.php?rest_route=\/wp\/v2\/pages\/67\/revisions\/386"}],"wp:attachment":[{"href":"https:\/\/millservices.fr\/index.php?rest_route=%2Fwp%2Fv2%2Fmedia&parent=67"}],"curies":[{"name":"wp","href":"https:\/\/api.w.org\/{rel}","templated":true}]}}